3254. Give p(-228).
-2
Let f(b) = 45*b**2 + 6937*b + 7964. Calculate f(-153).
8
Let m(g) = 461*g - 37365. Calculate m(81).
-24
Let q(k) = -54*k**3 + 11*k**2 - 8*k + 18. Give q(-4).
3682
Let i(t) = 92*t**2 - 174*t - 7. Give i(2).
13
Let u(t) = 4211*t + 488534. Determine u(-116).
58
Let n(w) = -43*w**2 - 2448*w + 108. Give n(-57).
-63
Let o(s) = -1600*s + 25801. What is o(16)?
201
Let u(p) = 236*p + 7599. What is u(-32)?
47
Let o(y) = -686*y + 130348. Give o(190).
8
Let x(j) = -308*j**3 + j**2 + 49*j + 100. Give x(-2).
2470
Let h(x) = x**2 + 2060*x - 1711124. Give h(635).
201
Let d(l) = 161*l + 10928. Give d(-66).
302
Let l(y) = -4192*y**2 + 739*y + 738. Calculate l(-1).
-4193
Let c(t) = t**3 - 52*t**2 + 697*t - 1147. What is c(20)?
-7
Let a(m) = m**3 + 15*m**2 + 176*m + 1056. Give a(-8).
96
Let q(x) = -2302*x**2 - 55*x - 3. Determine q(-1).
-2250
Let x(q) = 4*q**2 - 933*q + 9087. Determine x(10).
157
Let u(m) = -586512*m + 7038149. Give u(12).
5
Let i(c) = -937*c + 399. Calculate i(0).
399
Let b(t) = 10*t**2 - 873*t - 75711. Calculate b(141).
6
Let b(v) = -23542*v + 494400. What is b(21)?
18
Let m(x) = -1739*x + 202708. What is m(118)?
-2494
Let c(x) = -6203*x + 86840. What is c(14)?
-2
Let l(c) = -759*c + 332424. What is l(438)?
-18
Let d(q) = 25*q**3 - 344*q**2 + 946*q - 20. What is d(10)?
40
Let z(x) = -18830*x + 489561. Give z(26).
-19
Let j(m) = m**3 - 4*m**2 + 4798*m - 33640. Give j(7).
93
Let q(j) = 43*j**2 + 5*j - 10. Determine q(-4).
658
Let c(t) = 2*t**3 - 502*t**2 + 6175*t - 20. Give c(13).
-189
Let m(k) = -k**3 - 254*k**2 - 726*k + 6669. Give m(-251).
-108
Let w(c) = -40*c**3 - 9*c**2 + 2*c + 58. Give w(-4).
2466
Let k(p) = -p**3 - 79*p**2 - 1313*p - 1396. Calculate k(-56).
4
Let n(k) = -216*k**2 + 252*k - 251. Determine n(1).
-215
Let n(l) = 7*l**2 + 6625*l - 118568. Calculate n(-964).
4
Let s(c) = -4*c**3 + 57*c**2 - 17*c - 168. Determine s(13).
456
Let l(i) = -2344*i + 9778. Determine l(4).
402
Let x(o) = o**3 + 15*o**2 - 1219*o - 10813. Give x(-9).
644
Let p(u) = 5*u**2 - 2778*u - 16681. Give p(-6).
167
Let z(n) = -3*n**2 + 1613*n - 21515. Give z(524).
-31
Let j(i) = -2*i**2 + 12576*i - 100482. Give j(8).
-2
Let z(n) = -2838*n + 1084343. What is z(382)?
227
Let d(r) = 3875*r - 37923. Give d(9).
-3048
Let d(o) = 62*o**2 - 5802*o + 32570. Determine d(6).
-10
Let c(f) = 308581*f + 1851480. What is c(-6)?
-6
Let s(y) = -8030*y + 185480. Give s(23).
790
Let r(c) = 257208*c + 771630. Calculate r(-3).
6
Let b(a) = -4305*a - 30066. What is b(-7)?
69
Let v(p) = -p**2 + 295*p + 11119. Calculate v(-34).
-67
Let n(t) = -7249*t + 79674. What is n(11)?
-65
Let i(f) = 6*f**2 - 127*f + 92. Calculate i(9).
-565
Let p(n) = 279*n**2 + 85374*n - 3. Give p(-306).
-3
Let q(w) = w**3 + 34*w**2 - 90*w - 523. Give q(-36).
125
Let d(b) = -2*b**2 + 55*b - 283. Calculate d(20).
17
Let c(o) = 340*o + 19580. Give c(-59).
-480
Let c(n) = 7*n**3 + 2539*n**2 - 735*n - 3308. What is c(-363)?
-41
Let x(k) = -k**3 + 413*k**2 - 33526*k + 441. What is x(111)?
-3
Let i(f) = -2*f**3 - 298*f**2 + 15120*f + 165. Determine i(-189).
165
Let w(s) = 25*s**3 + 9696*s**2 - 1554*s - 784. What is w(-388)?
-8
Let j(o) = -15*o**2 - 6393*o - 653311. Give j(-170).
-1
Let d(r) = -7885*r + 150782. Give d(19).
967
Let l(m) = m**3 - m**2 + 1515*m - 3030. What is l(2)?
4
Let h(k) = -182*k - 32576. Give h(-179).
2
Let s(b) = 14800*b - 414410. What is s(28)?
-10
Let o(s) = 23*s**2 + 450*s + 45. Give o(-18).
-603
Let z(n) = n**3 + 337*n**2 + 7479*n - 10472. What is z(-313)?
-143
Let b(l) = -1663*l**2 - 53220*l - 110. Give b(-32).
18
Let j(s) = -s**3 - 9*s**2 + 135*s + 49. What is j(8)?
41
Let y(s) = -3881*s + 667531. Determine y(172).
-1
Let x(w) = 24*w**2 + 2266*w + 7425. Calculate x(-91).
-37
Let d(s) = -16*s**2 + 470*s - 2986. Give d(13).
420
Let o(b) = -1565*b - 9244. Determine o(-6).
146
Let l(z) = 5*z**3 - 62*z**2 - 4*z - 96. Give l(12).
-432
Let k(q) = 4031*q + 119439. Give k(-29).
2540
Let x(o) = o**3 - 34*o**2 + 35*o - 264. What is x(33)?
-198
Let o(c) = -2*c**3 - 23*c**2 + 1224*c - 2865. Calculate o(18).
51
Let i(v) = -1587*v**2 + 5*v + 8. What is i(1)?
-1574
Let y(l) = -l**3 - 139*l**2 + 160*l + 2892. What is y(-140)?
92
Let s(j) = -j**2 - 58380*j + 1927622. Calculate s(33).
-7
Let r(b) = -215*b**2 - 422*b - 18. What is r(-2)?
-34
Let b(g) = 400*g**2 - 2808*g + 237. Calculate b(7).
181
Let f(x) = -45*x**2 + 7199*x - 7000. Give f(159).
-4
Let u(q) = 4*q**2 - 176*q - 113746. Determine u(192).
-82
Let l(h) = 2*h**2 + 463*h - 621262. Determine l(-685).
33
Let l(o) = o**3 + 2*o**2 - 117*o + 110. Determine l(0).
110
Let i(u) = -2*u**3 + 18*u**2 - 2573*u + 17867. Give i(7).
52
Let w(p) = 44459*p + 2534170. What is w(-57)?
7
Let g(l) = -l**2 - 631*l - 58248. Give g(-112).
-120
Let i(z) = -5*z**3 - 839*z**2 - 851*z - 12. Give i(-1).
5
Let i(l) = 5*l**2 + 205*l + 2090. Determine i(-21).
-10
Let i(x) = -109680*x - 438729. Determine i(-4).
-9
Let n(b) = 120111*b - 4203810. Give n(35).
75
Let z(c) = c**2 + 234*c + 5883. Give z(-205).
-62
Let r(m) = 99*m - 8345. Calculate r(84).
-29
Let f(v) = 601*v**2 + 3800*v - 12. Give f(-6).
-1176
Let b(w) = -11*w**2 + 37*w + 287. Give b(-10).
-1183
Let g(d) = -546*d + 24105. Determine g(43).
627
Let n(j) = 562*j**2 + 4473*j - 305. Determine n(-8).
-121
Let a(s) = 7168*s + 78853. Give a(-11).
5
Let w(b) = -3*b**3 - b**2 + 15*b - 12. Calculate w(-7).
863
Let l(o) = 76*o**2 + 36481*o + 478. What is l(-480)?
-2
Let n(v) = -2*v**3 + 39*v**2 - 3933*v + 69820. What is n(18)?
-2
Let u(x) = -106213*x - 106196. Give u(-1).
17
Let i(k) = k**3 + 703*k**2 - 10060*k + 306. Determine i(14).
-2
Let t(q) = 733*q - 24475. What is t(30)?
-2485
Let p(r) = -1676*r - 20799. Calculate p(-12).
-687
Let n(f) = 71272*f - 1639261. Give n(23).
-5
Let v(h) = 2443*h - 2069. Determine v(2).
2817
Let o(g) = 14*g**3 + g**2 + 6814*g + 20439. What is o(-3)?
-372
Let n(k) = 6*k**3 + 60*k**2 + 36*k + 582. Determine n(-10).
222
Let d(g) = 3103*g + 71407. Calculate d(-23).
38
Let z(m) = -2*m**3 + 169*m**2 + 1281*m - 2. Give z(-7).
-2
Let o(r) = -r**2 + 49*r + 1248. Give o(-21).
-222
Let y(q) = 2325*q - 623072. Determine y(268).
28
Let d(c) = -8*c**3 + 622*c**2 + 164*c + 468. Determine d(78).
1092
Let i(s) = 6*s**3 + 48*s**2 - 1982*s - 5151. Calculate i(16).
1
Let q(n) = -14*n**2 - 201*n - 1642. Determine q(-8).
-930
Let u(a) = 3*a**3 - 33*a**2 + 9*a + 2086. Give u(10).
1876
Let v(b) = -b**2 - 98366*b + 1770937. Give v(18).
25
Let y(c) = -2892*c + 5830. Calculate y(2).
46
Let a(r) = -6*r**2 + 1025*r - 3839. Determine a(167).
2
Let d(u) = -u**2 + 47*u - 556. Calculate d(36).
-160
Let i(u) = -18548*u - 370105. What is i(-20)?
855
Let x(t) = -6850*t - 51490. Calculate x(-8).
3310
Let l(j) = 1380*j - 2746. Determine l(2).
14
Let n(u) = u**2 + 593*u + 10491. Calculate n(-17).
699
Let x(n) = -6*n**2 - 3414*n - 10200. Give x(-3).
-12
Let d(j) = j**3 - 3*j**2 - 2652*j - 10492. Give d(-4).
4
Let x(r) = 164*r + 843. Determine x(-6).
-141
Let w(c) = -421*c - 25220. What is w(-66)?
2566
Let m(f) = -8*f**3 - 179*f**2 + 48*f + 406. Calculate m(-23).
1947
Let v(p) = 13*p**2 - 10685*p + 888882. Determine v(728).
-6
Let h(y) = 38*y**2 - 689*y + 2949. Give h(7).
-12
Let z(j) = j**3 - 483*j**2 - 9527*j - 5536. What is z(502)?
-14
Let z(b) = b**2 - 2*b - 4475. What is z(67)?
-120
Let u(n) = -n**3 - 32*n**2 + 285*n + 5037. Calculate u(-35).
-1263
Let i(n) = -n**3 + 162*n**2 - 142*n - 3502. Determine i(161).
-443
Let y(b) = 10*b**2 + 256*b - 4505. Determine y(12).
7
Let k(j) = 55*j**3 + 127*j**2 - 367*j + 15. What is k(3)?
1542
Let z(u) = -4*u**3 - 260*u**2 - 3786*u - 85. What is z(-43)?
1
Let b(w) = 1609*w**2 + 27352*w - 13. Determine b(-17).
4
Let x(d) = -268763*d + 268798. Give x(1).
35
Let g(v) = 273*v + 13965. Calculate g(-43).
2226
Let s(x) = -11221*x - 168341. Give s(-15).
-26
Let g(q) = -q**3 - 28*q**2 - 199*q - 355. What is g(-20)?
425
Let s(j) = -22520*j - 472978. What is s(-21)?
-58
Let k(o) = -160*o + 102. Determine k(-4).
742
Let o(c) = -c**3 + 78*c**2 + 493*c + 771. Determine o(84).
-153
Let v(l) = -16*l**3 + 3391*l**2 + 208*l + 733. Give v(212).
-115
Let h(p) = -22705*p + 45444. What is h(2)?
34
Let n(g) = -8307*g + 1321085. What is n(159)?
272
Let j(f) = 2*f**3 - 15*f**2 - 45*f + 371. Calculate